 ((-15)/(-12) + f)*4?
9
Let n be (12/(-10))/(3/(-15)). Let b(h) = -14*h**2 - 11*h - 18. Let u(x) = -5*x**2 - 4*x - 6. Let z(s) = n*b(s) - 17*u(s). What is the units digit of z(-5)?
9
Let x = -3 - -3. Suppose m = x, 2*m + 3*m = -2*f + 28. What is the units digit of f?
4
Suppose -3*x = 4*j - 2*x - 8, -2*j - 2*x = -4. What is the units digit of (10/4)/(1/j)?
5
Let f(u) = u**2 + u - 2. Let n be f(5). Suppose -2*h = -n - 16. What is the tens digit of h?
2
Suppose 2*q - 6 = -2. Suppose 15 = 3*h - 0, o - 13 = -q*h. What is the units digit of ((-28)/o)/((-2)/3)?
4
Suppose -730 = -4*n + 2*l, -2*n + 5*l - 737 = -6*n. What is the units digit of n?
3
Let j(p) = p**3 - 5*p**2 - p + 3. Let q(f) = 6*f**2 + 2*f + 1. Let i be q(-1). Let b be j(i). Let k = b + 3. What is the units digit of k?
1
Let k be (2 - 4)*-1 - 1. Suppose 6 = 5*o + k. What is the units digit of o?
1
Let s be ((-1)/(-3))/((-1)/(-9)). Let t be (s/4)/(2/8). What is the units digit of 2/(4*t/66)?
1
Let u(d) be the third derivative of -d**6/120 + 7*d**5/60 - d**4/6 + 7*d**3/6 + 8*d**2. What is the units digit of u(5)?
7
Suppose 4*z - z + 3 = 0. Let c = -9 + 10. What is the units digit of c + 3 + (-2 - z)?
3
Let h = 8 + -3. Suppose -h*n - 20 = -5*g, 4*g - 2*g = n + 9. What is the units digit of (-10)/g*(-34)/4?
7
Let d = 11 - -27. Let i = d + -23. What is the tens digit of i?
1
Suppose 2*m - 2*y - 3 = -5*y, -5 = 5*y. Suppose s - m = -0. Suppose 4*k - 30 = -5*t, -s*k + 11 = t - 3*t. What is the units digit of t?
2
Suppose 2*p + 0*c + 3*c + 6 = 0, -5*p - 8 = 4*c. What is the units digit of (p + 4)*(5 + -3)?
8
Suppose b = 1, -3*z - 5*b = 2*z + 40. Let h = -5 - z. Suppose -4*m + 4 + h = 0. What is the units digit of m?
2
Let i(l) be the second derivative of 3*l**3 - l**2/2 - 5*l. What is the tens digit of i(1)?
1
Let f = -3 - -6. Let m(s) = s**3 + 5*s**2 + s + 11. Let h be m(-5). Let v = f + h. What is the units digit of v?
9
What is the units digit of ((-88)/(-3))/(-4*7/(-168))?
6
Suppose 4*l + 4 = -0, s - 3*l = 7. Suppose 5*y = 2*a - 5, -s*y = -a + y. Suppose -a*u + 2 = -4*u. What is the units digit of u?
2
Suppose 2*w + 12 = 4*w. Let v = w + -2. Suppose v*b - 10 = -n, 0 = -2*n - 0*n + 4*b + 20. What is the tens digit of n?
1
Suppose -z + 4*o + 4 = 0, 2*z + 5*o + 7 = 2. Let p be 8/(-1 + z/3). What is the units digit of 12/(-1)*(p + 7)?
2
Suppose 0 = -5*o - 2*s + 13, -5*s = -o + 6 + 2. Let f = o + -1. What is the units digit of (f/2)/((-1)/(-6))?
6
Suppose 0 = 5*n - 1 - 4. What is the units digit of n*7 - (-8 + 6)?
9
Let y = -6 - -9. Let d(z) = 6*z - 4. What is the tens digit of d(y)?
1
Let l be 3/12 + 63/4. Suppose l = 2*j - 4*q - 6, -2*j - 2 = 4*q. Suppose -56 = r - j*r. What is the tens digit of r?
1
Let l(h) = -2*h + 1 - 5*h + h**2 + 6. Suppose 2*n = 8, -2*t + 5 + 23 = 4*n. What is the units digit of l(t)?
1
Let r = -49 + 27. Let u = r + 60. What is the tens digit of u?
3
Suppose 2*l = -8, 14 + 9 = -3*s - 5*l. Let v = s + 5. What is the units digit of v?
4
What is the tens digit of (-415 - 4)*2*4/(-8)?
1
Suppose 5*t - 15 = -5. What is the units digit of t?
2
Let q(k) = k**2 - 3*k - 6. Let p be q(5). Suppose 12 = -a + p*a. What is the units digit of a?
4
Let i be 0/(-7) - -6*1. Let t = -6 + i. What is the units digit of (1 + t)/(1/4)?
4
Let r = 10 - 6. What is the units digit of 24/18*42/r?
4
Let w(a) = a**2 + 4*a - 8. What is the tens digit of w(-10)?
5
Let n = 80 - 39. What is the units digit of n?
1
Let r = 1 + 3. Let d(f) = -f**3 - f**2 - f + 5. Let m be d(0). Suppose -4*n - 30 + m = -3*p, -r = 4*n. What is the units digit of p?
7
Suppose 3*r - 1544 = -5*r. What is the hundreds digit of r?
1
Suppose -13 = -2*s + 5. What is the units digit of s?
9
Suppose -6*a = -4*a - 94. What is the units digit of a?
7
Let y = 52 + -29. Let z = 4 + 0. Suppose -z*g - v + y = 0, 4*g - 8 = 3*v + v. What is the units digit of g?
5
Let y = -9 + 15. Let s(o) = 13*o**2 - 27*o + 20. Let v(f) = 3*f**2 - 7*f + 5. Let t(p) = 2*s(p) - 9*v(p). What is the tens digit of t(y)?
1
Let v = -1 + 7. Let l = v - 4. Suppose l*k + 9 = 3*k. What is the units digit of k?
9
Suppose -3*q + 25 = -4*s, 2*s + 8 = -4*q - 3*s. Let d = 15 - q. What is the units digit of d?
2
Let s = 373 - 201. What is the units digit of s?
2
Suppose 10*i = 224 + 446. What is the tens digit of i?
6
Suppose -4*a - 20 = -9*a. What is the units digit of a?
4
Suppose q - 14 = t, 3*q + 5*t - 11 - 55 = 0. Suppose l + 3 = q. What is the tens digit of l?
1
Suppose 0 = -4*g + 2*g + 8. Let n = -3 + g. Let l = 2 + n. What is the units digit of l?
3
Suppose 67*x - 68*x = -8. What is the units digit of x?
8
Let s be 68*4*1/4. Let t = s + -16. What is the tens digit of t?
5
Let p = 221 + -133. Suppose 3*y = -y + p. What is the tens digit of y?
2
Let m be 18*2*(-3)/(-9). Suppose -6*u + m = -5*u. What is the units digit of u?
2
Let l be (-2)/(-5) + (-16)/(-10). Suppose 2*u + 2 = -l. Let x(d) = -7*d. What is the tens digit of x(u)?
1
Suppose 0*s - 114 = -3*s. What is the units digit of s?
8
Let k(x) = -x**3 - x + 2. Let u be k(0). Suppose 0 = 2*y + 2 + u. Let b = y + 10. What is the units digit of b?
8
Suppose 20 = 5*i - 0*i - 4*f, 0 = 5*f. What is the units digit of i?
4
Suppose -5*g + 25 = 0, 3*g + 2*g = -4*c + 373. What is the tens digit of c?
8
Let f(d) = -3 + 3 + d**2 + d**2 - 2*d + 2. What is the units digit of f(2)?
6
Let z(y) be the third derivative of -y**4/8 + y**3/3 + 2*y**2. Let a be z(2). What is the units digit of (-22)/a - (-6)/(-4)?
4
Suppose 3*f - 447 = -147. What is the tens digit of f?
0
Let p be -1*9*4/(-2). Suppose 3*s = 5*f + p, -s - 2*f + 6 = -6*f. What is the units digit of s?
6
Let t = 257 - 214. What is the tens digit of t?
4
Let l be (0 - 1) + 0 + 25. What is the units digit of 7/(14/l) + 1?
3
Let m(i) = 3*i - 2*i + 0*i. Let t be m(0). Let x = t - -2. What is the units digit of x?
2
Suppose 3*d - 8 = 1. Suppose -d*n = -30 + 12. Let c = n - 3. What is the units digit of c?
3
Let u(x) be the first derivative of 2*x**2 + 0*x + 2 - 3*x**2 + x. What is the units digit of u(-1)?
3
Suppose -4*d + 7*i - 4*i + 24 = 0, 4*d - 16 = 5*i. Let k = -1 + d. What is the units digit of k?
8
What is the units digit of (0 + 5)*(1 - -2)?
5
What is the units digit of (-771)/(-12) + 1/(-4)?
4
Let w(v) = 4*v + 9. Let a(t) = t + 1. Let r(p) = -3*a(p) + w(p). Suppose 3*i = -5*n + 28, -n - 3*n = -3*i - 17. What is the tens digit of r(n)?
1
Let j = -180 - -307. What is the units digit of j?
7
Let c(x) = x - 3. Let g be c(10). Let w = g - 5. Suppose r + 33 = 3*v + 4*r, 50 = 4*v + w*r. What is the tens digit of v?
1
Suppose 0 = -3*x - 13*x + 1680. What is the hundreds digit of x?
1
Let r be 1*-6*2/(-4). Let u be (r - 3)/(1 + 1). Suppose u*n + 2 = n. What is the units digit of n?
2
Suppose 3*m + 5 = 3*c + 128, 0 = -4*m + 5*c + 169. Let j = 2 + 2. Suppose -z = -j*z + m. What is the units digit of z?
2
Let j(s) = 2*s**2 + 10*s - 2. Let r be j(-7). Suppose -b + r = 5*n, b + 3*n = 3 + 13. Suppose 2*f - 46 = -4*d, d - b = -3*f - 2. What is the tens digit of d?
1
Let u = -23 + 47. What is the units digit of u?
4
Suppose x - 5*x - 3*g = -3, 4*x + 2*g - 2 = 0. Suppose x = 5*q, 5*q = -2*p + 27 - 9. What is the units digit of p?
9
Let g be (-32)/(-18) - (-4)/18. Let l = 6 - g. Suppose l*w = 10 + 6. What is the units digit of w?
4
Let d be 2 + 1 + -3 - 0. Suppose d = x + 3 - 27. What is the units digit of x?
4
Let h(g) = -43*g**3 + 3*g**2 + g + 1. Let z(o) = -85*o**3 + 5*o**2 + o + 2. Let d(i) = 5*h(i) - 3*z(i). What is the tens digit of d(1)?
4
Let g(i) = i**2 + 1. Let v be g(1). Suppose 0 = -2*j - 0*j + 5*d - 1, v*d - 2 = 0. What is the units digit of j?
2
Suppose 0*i + 31 = 4*i + 3*u, -5*u + 15 = 3*i. Suppose 5*a = 35 + i. Let t(f) = 3*f - 6. What is the tens digit of t(a)?
2
Let p(t) = -t + 3. Suppose -1 - 32 = 3*f. What is the tens digit of p(f)?
1
Let x(l) = l**2 + 9*l + 11. Let c be x(-8). Suppose -17 = 4*n + 3*s, -2*s = 3 + c. Let h(w) = -2*w**3 - 3*w**2 - w + 1. What is the units digit of h(n)?
7
Let g be 0 - 3 - 5/(-1). Suppose -g*p + 3 - 1 = 0, -3*t + p = -65. What is the units digit of t?
2
What is the units digit of 202/4 - (11 + -7)/8?
0
Suppose 46 - 578 = -4*t. What is the units digit of 12/90 + t/15?
9
Let o(n) = n. Let p be o(4). Suppose 4*r = -b - p*b + 4, 0 = -b - 3